-4)). Calculate the highest common divisor of 36 and g.
9
Suppose 1040 = 8*n + 256. What is the greatest common divisor of 56 and n?
14
Let t(k) = -k - 5. Let a be t(-6). Let c be ((-18)/(-10) - a)*20. Calculate the highest common factor of 32 and c.
16
Let q = 20 - -22. Calculate the highest common divisor of q and 6.
6
Suppose 0 = -t + 128 - 78. Let h(m) = 13*m**2 - 4*m - 4. Let g be h(-3). Calculate the highest common factor of t and g.
25
Suppose r = -3*r + 36. Let o be 345/r - 4/(-6). Calculate the greatest common divisor of o and 13.
13
Suppose v + 2*v + 45 = 0. Let i be 7/5 - (-6)/v. Let r be (-15)/2*(-5 - i). Calculate the highest common factor of r and 18.
9
Let i be -4*(-4)/(32/18). What is the highest common divisor of i and 9?
9
Suppose m = 5*r - 2*m - 230, -5*r + 4*m + 230 = 0. What is the highest common factor of 230 and r?
46
Suppose -2*v + 4*z = 10, -2*v = -6*v + 5*z - 5. Calculate the highest common factor of v and 30.
5
Suppose o + 19 = f, 3*f - 3*o - 58 = -o. What is the greatest common factor of f and 60?
20
Let w = -4 - -8. Let r(j) = 2*j**2 - 4*j - 4. Let u be r(w). Suppose -4*z = -u - 12. What is the greatest common factor of 3 and z?
3
Suppose 2*z = -0*z + 288. What is the greatest common factor of z and 18?
18
Suppose -g + 18 = -4*z, 0 = 3*g - z - 37 - 61. Calculate the greatest common factor of 272 and g.
34
Let t be (1 - 0)*0/(-9). Suppose 2*f - 3 - 7 = t. What is the highest common factor of f and 5?
5
Let b be 1 - 0 - 23*-1. Let v = -8 + b. Calculate the highest common divisor of v and 2.
2
Let c = -59 + 94. What is the greatest common divisor of 7 and c?
7
Let x = -7 + 7. Suppose 2*s - 8 = -x. Suppose 0*w - 4*w - 4 = 0, -5*f + s*w = -124. What is the greatest common factor of 6 and f?
6
Suppose -j + 172 = 4*t - 5*j, -5*t - 4*j + 224 = 0. Let u = t - 22. What is the highest common divisor of u and 132?
22
Let t = 19 - 16. Suppose 2*w = t*w - 10. What is the greatest common divisor of w and 5?
5
Let c = -6 - -8. Suppose c*w - 1014 = w. Let r be w/12 + 2/4. Calculate the highest common divisor of r and 17.
17
Let k(i) be the second derivative of -i**5/20 - i**4/2 + 2*i**3/3 + 9*i**2/2 + 4*i. Let m be k(-7). Calculate the greatest common factor of m and 10.
10
Let f(s) = 2*s**2 - 5*s - 3. Let q be f(5). Suppose 0 = d - 2*i - 13, 5*d - 69 = 4*i - q. What is the greatest common factor of 56 and d?
7
Let h be 3/(-2)*4/(-1). What is the highest common factor of 12 and h?
6
Let u(y) = -y + 11. Let v be u(-4). What is the greatest common divisor of 60 and v?
15
Suppose 3*x - 29 = -4*u, -4*u + 16 = -3*x + 5. Suppose -2*w = w - 2*r - 116, -190 = -u*w + 4*r. Calculate the highest common divisor of w and 28.
14
Let v(p) = 2*p + 12. Suppose 4*a = a. Let j be v(a). Calculate the highest common divisor of j and 12.
12
Suppose -4*n - 18 = -a + 6, 5*n = 4*a - 63. Let i = 7 + -4. Suppose -i*p - 2*o + 182 = 0, 2*p - 119 = -2*o + 3. What is the highest common divisor of p and a?
12
Suppose -3*r = 6 + 3. Suppose -2*l + 16 = 2*k - 0*l, -3*k - 4*l + 29 = 0. Let s be (-1)/r - (-59)/k. Calculate the highest common divisor of s and 4.
4
Suppose 0 = -5*o + 2 + 3. Suppose 0 = 3*a + 6 - 81. Let c = -17 + a. What is the highest common divisor of o and c?
1
Let l = 36 - 14. Suppose 0 = -4*b + 714 + 78. What is the greatest common factor of l and b?
22
Suppose 6 = t + 3. Suppose -44 = -4*r + 136. Suppose 0 = -5*a - 2*g + 112, -t*a - g = -r - 22. What is the greatest common divisor of a and 11?
11
Let c = 167 + 41. Let d = -143 + c. Suppose -4*r + d = 1. What is the highest common factor of r and 40?
8
Suppose 0 = 3*d + y - 25, -5*y - 23 = -5*d - 2*y. What is the highest common factor of d and 77?
7
Let y(x) = -x**3 - x**2 + x + 1. Let f be y(-2). Calculate the greatest common divisor of 1 and f.
1
Let w = 511 + -1423. Let n be ((-1)/2)/(3/w). Calculate the highest common divisor of 19 and n.
19
Let v = -23 + 1. Let z = 37 + v. What is the highest common factor of 60 and z?
15
Let u be (41/4)/(9/36). Suppose 0 = -4*v + u - 9. Calculate the highest common factor of 20 and v.
4
Let o(b) = -b. Let m be o(-5). Suppose -m = -4*y - 1. Let r = 35 + y. What is the highest common factor of 24 and r?
12
Let b = -87 + 90. Let f = 72 - 40. Let y = -5 + f. What is the highest common divisor of y and b?
3
Let p be (-5)/(10/(-8))*31. Suppose -2*n = 4*k + 2*n - p, n + 21 = k. What is the highest common divisor of k and 13?
13
Let h be ((-64)/20 + 4)*90. What is the highest common factor of 9 and h?
9
Let y be (-4)/2 + 3 + -1. Suppose -4*n + n + 5 = -s, 2*s - 3*n - 2 = y. What is the highest common divisor of 7 and s?
7
Let t be 676/14 + (-2)/7. Suppose 0*r - 24 = -4*r. What is the highest common factor of r and t?
6
Let z(h) = -2*h - 8. Let x be z(-11). Let t(d) = -d**3 + d**2 + d + 14. Let j be t(0). What is the highest common divisor of j and x?
14
Suppose 4*u = -0*u - b + 21, 19 = u + 3*b. Let z(y) = y - 8. Let p be z(4). Let t be (p/(-3))/((-1)/(-12)). What is the highest common factor of u and t?
4
Let n(d) = -d**3 - 4*d**2 + 18*d + 13. Let y be n(-7). Calculate the greatest common divisor of y and 17.
17
Suppose 0 + 6 = 2*i, 5*i = -2*x - 161. Let u be ((-9)/(-2))/((-3)/x). What is the highest common divisor of 12 and u?
12
Suppose -h - 2*a = 6 - 18, 4*h - 63 = -3*a. What is the greatest common factor of 45 and h?
9
Let p = -17 + 33. Let g = p + 3. Calculate the highest common factor of g and 171.
19
Let y = 11 + 3. Calculate the highest common factor of 21 and y.
7
Let b = -72 + 117. Let l = -24 + b. Calculate the greatest common divisor of 63 and l.
21
Suppose -5*t + 3*t = 2*k - 2, -5*k = 4*t - 4. Let v be 0/(-2) - (-85 + k). Calculate the greatest common divisor of 34 and v.
17
Let i(u) = -u**2 + 9*u + 6. Suppose 2*d = -d + 69. Let q = -14 + d. Let z be i(q). Calculate the highest common factor of z and 9.
3
Let u = 0 + -4. Let m(v) = -2 + 0*v**2 + v**3 + 5*v**2 + 0*v + 3*v. Let b be m(u). Calculate the greatest common factor of b and 5.
1
Let d(r) = -r. Let q be d(-7). Suppose -11*s = -q*s - 8. Calculate the greatest common factor of s and 8.
2
Let m(u) = u**2 - 10*u + 13. Let b be m(9). Calculate the greatest common divisor of b and 32.
4
Let t(v) = -v**2 - 4*v + 4. Let n be t(-4). Calculate the greatest common factor of n and 4.
4
Let y(v) = 2*v**2 + v. Let n = -13 - -11. Let w be y(n). Calculate the greatest common factor of 1 and w.
1
Suppose -24 = t + 2*t. Let y = 18 + t. Suppose 2*b + 2*b - 58 = -5*q, 2*b = 3*q - 26. What is the highest common divisor of q and y?
10
Let s(v) = -3*v + 6. Let w be s(-8). Let m = w + -10. What is the greatest common divisor of m and 140?
20
Let r = -166 - -277. What is the greatest common divisor of 37 and r?
37
Let c = 19 + -16. Suppose -c*n + 5*o = -100, 0 = -2*n - 0*o - o + 45. What is the highest common factor of n and 25?
25
Suppose -2*p = -4*s + 158, 0 = -5*p - 2*s - 0*s - 347. Let f = -38 - p. Let v be f - (-1)/2*0. Calculate the highest common divisor of v and 3.
3
Suppose 3*v - 18 = -0*v - 3*o, 3*v + 5*o - 26 = 0. Suppose -5*f = 3*s - 87, -4*s + v*f = -s - 66. Calculate the greatest common factor of s and 60.
12
Suppose x + 4*x = 135. What is the greatest common factor of 9 and x?
9
Suppose -k + 20 = 4*k. Let w(c) = c**2 + 10*c - 7. Let u be w(-11). Calculate the greatest common divisor of u and k.
4
Let c(y) = y**2 - 2. Let o be c(3). Let f = o - -10. Let d = f + 3. Calculate the highest common divisor of 4 and d.
4
Let m(h) = -3*h - 16. Let v be m(-12). Calculate the highest common divisor of 20 and v.
20
Suppose 5*y - 4 - 11 = 0. Calculate the highest common divisor of 3 and y.
3
Let s = 39 + -32. Let z(r) = r**2 + 5*r - 7. Let y be z(-7). What is the highest common factor of y and s?
7
Let p(a) = -a**2 + 7*a - 9. Let k = -11 - -18. Let s be p(k). Let m = 49 + s. What is the highest common factor of m and 8?
8
Let z be 2/(-10) - 186/(-30). Calculate the greatest common divisor of z and 30.
6
Let u(x) = -1. Let c(w) = -3*w - 16. Let q(k) = c(k) - 4*u(k). Let r be q(-12). Calculate the highest common divisor of 120 and r.
24
Let q be (-4)/(-14) + 480/35. Calculate the greatest common divisor of q and 14.
14
Let x be (-2)/((-2)/3) - 1. Suppose -y + x*y = 36. Let g be 9/y - 23/(-4). What is the greatest co